{"id":9,"date":"2025-02-14T20:07:01","date_gmt":"2025-02-14T19:07:01","guid":{"rendered":"https:\/\/mambulledeveil.wordpress.com\/?page_id=4"},"modified":"2026-02-03T15:52:36","modified_gmt":"2026-02-03T14:52:36","slug":"4-2","status":"publish","type":"page","link":"https:\/\/mambulledeveillabruffiere.fr\/index.php\/4-2\/","title":{"rendered":"Pr\u00e9sentation de la MAM \u00ab\u00a0Bulle d&rsquo;Eveil\u00a0\u00bb \u00e0 la Bruffi\u00e8re"},"content":{"rendered":"\n<div class=\"wp-block-group alignfull is-layout-flow wp-container-core-group-is-layout-c32d2f95 wp-block-group-is-layout-flow\" style=\"padding-top:0px;padding-bottom:0px\">\n<div class=\"wp-block-group alignfull has-background-color has-secondary-background-color has-text-color has-background is-layout-constrained wp-block-group-is-layout-constrained\" style=\"padding-top:8vh;padding-bottom:8vh\">\n<p class=\"has-text-align-center has-foreground-color has-text-color has-link-color wp-elements-0e23b7c4df66675bc535dc74d240a20c\">La MAM est ouverte du lundi au vendredi de 7h30 \u00e0 18h30.<\/p>\n\n\n\n<p class=\"has-text-align-center has-foreground-color has-text-color has-link-color wp-elements-fddd853190c77475790fcb3f97dd5821\">Nous sommes 4 assistantes maternelles et nous accueillons 12 enfants.<\/p>\n\n\n\n<p class=\"has-text-align-center has-foreground-color has-text-color has-link-color wp-elements-64e52d863fdf1fa6dd865189471bccc3\">La maison est situ\u00e9e dans une zone calme \u00e0 l&rsquo;entr\u00e9e de la Bruffi\u00e8re.<\/p>\n\n\n\n<figure class=\"wp-block-gallery has-nested-images columns-default is-cropped wp-block-gallery-1 is-layout-flex wp-block-gallery-is-layout-flex\">\n<figure class=\"wp-block-image size-large\"><img loading=\"lazy\" decoding=\"async\" width=\"1024\" height=\"326\" data-id=\"173\" src=\"https:\/\/mambulledeveillabruffiere.fr\/wp-content\/uploads\/2025\/02\/Logo-Mam-decli5-copie-e1740686838505-1024x326.png\" alt=\"Logo MAM La Bruffiere\" class=\"wp-image-173\" title=\"Logo MAM La Bruffiere\" srcset=\"https:\/\/mambulledeveillabruffiere.fr\/wp-content\/uploads\/2025\/02\/Logo-Mam-decli5-copie-e1740686838505-1024x326.png 1024w, https:\/\/mambulledeveillabruffiere.fr\/wp-content\/uploads\/2025\/02\/Logo-Mam-decli5-copie-e1740686838505-300x96.png 300w, https:\/\/mambulledeveillabruffiere.fr\/wp-content\/uploads\/2025\/02\/Logo-Mam-decli5-copie-e1740686838505-768x245.png 768w, https:\/\/mambulledeveillabruffiere.fr\/wp-content\/uploads\/2025\/02\/Logo-Mam-decli5-copie-e1740686838505-1536x489.png 1536w, https:\/\/mambulledeveillabruffiere.fr\/wp-content\/uploads\/2025\/02\/Logo-Mam-decli5-copie-e1740686838505-2048x652.png 2048w\" sizes=\"auto, (max-width: 1024px) 100vw, 1024px\" \/><\/figure>\n<\/figure>\n<\/div>\n<\/div>\n\n\n\n<div class=\"wp-block-group alignwide is-layout-flow wp-container-core-group-is-layout-b2f77b0a wp-block-group-is-layout-flow\" style=\"padding-top:8vh;padding-bottom:8vh\">\n<div class=\"wp-block-columns alignwide is-layout-flex wp-container-core-columns-is-layout-00723822 wp-block-columns-is-layout-flex\">\n<div class=\"wp-block-column is-layout-flow wp-block-column-is-layout-flow\" style=\"flex-basis:50%\">\n<figure class=\"wp-block-image size-large has-custom-border is-style-default\"><img loading=\"lazy\" decoding=\"async\" width=\"1024\" height=\"679\" src=\"http:\/\/mambulledeveillabruffiere.fr\/wp-content\/uploads\/2025\/02\/Baby-Mam-1024x679.png\" alt=\"Logo MAM La Bruffiere\" class=\"wp-image-140\" style=\"border-radius:10px;aspect-ratio:4\/3;object-fit:cover\" title=\"Logo MAM La Bruffiere\" srcset=\"https:\/\/mambulledeveillabruffiere.fr\/wp-content\/uploads\/2025\/02\/Baby-Mam-1024x679.png 1024w, https:\/\/mambulledeveillabruffiere.fr\/wp-content\/uploads\/2025\/02\/Baby-Mam-300x199.png 300w, https:\/\/mambulledeveillabruffiere.fr\/wp-content\/uploads\/2025\/02\/Baby-Mam-768x509.png 768w, https:\/\/mambulledeveillabruffiere.fr\/wp-content\/uploads\/2025\/02\/Baby-Mam-1536x1018.png 1536w, https:\/\/mambulledeveillabruffiere.fr\/wp-content\/uploads\/2025\/02\/Baby-Mam-2048x1358.png 2048w\" sizes=\"auto, (max-width: 1024px) 100vw, 1024px\" \/><\/figure>\n<\/div>\n\n\n\n<div class=\"wp-block-column is-layout-flow wp-block-column-is-layout-flow\" style=\"flex-basis:50%\">\n<h3 class=\"wp-block-heading has-text-align-left\">L&rsquo;accueil des enfants en petite collectivit\u00e9<\/h3>\n\n\n\n<p class=\"has-text-align-left\">Nous avons choisi d\u2019ouvrir la MAM Bulle d\u2019\u00e9veil pour proposer un lieu d\u2019accueil pour les enfants jusqu&rsquo;\u00e0 leur scolarisation, afin de leur apporter, dans une continuit\u00e9 familiale, un accompagnement dans la rencontre aux autres, en douceur, gr\u00e2ce \u00e0 un accueil collectif de petit nombre.<\/p>\n\n\n\n<p><\/p>\n\n\n\n<p><br><\/p>\n<\/div>\n<\/div>\n\n\n\n<div class=\"wp-block-columns alignwide is-layout-flex wp-container-core-columns-is-layout-00723822 wp-block-columns-is-layout-flex\">\n<div class=\"wp-block-column is-layout-flow wp-block-column-is-layout-flow\" style=\"flex-basis:50%\">\n<h2 class=\"wp-block-heading has-text-align-left has-x-large-font-size\" id=\"all-items-are-100-hand-made-using-the-potter-s-wheel-or-traditional-techniques-created-with-love-and-care-in-australia\" style=\"line-height:1.3\">Un accueil adapt\u00e9 \u00e0 chacun<\/h2>\n\n\n\n<p class=\"has-text-align-left\" style=\"font-size:18px\">Nous contribuons, en lien \u00e9troit avec les parents, au d\u00e9veloppement psychomoteur, sensoriel, affectif et social de l\u2019enfant afin que celui-ci se passe en toute bienveillance et avec s\u00e9r\u00e9nit\u00e9.<br>Chaque enfant est accueilli dans le respect de son rythme personnel. Nous sommes \u00e0 l\u2019\u00e9coute de ses besoins gr\u00e2ce \u00e0 une observation attentive de l\u2019enfant.<\/p>\n\n\n\n<p style=\"font-size:18px\"><\/p>\n<\/div>\n\n\n\n<div class=\"wp-block-column is-layout-flow wp-block-column-is-layout-flow\" style=\"flex-basis:50%\">\n<figure class=\"wp-block-image size-large has-custom-border is-style-default\"><img loading=\"lazy\" decoding=\"async\" width=\"1024\" height=\"679\" src=\"http:\/\/mambulledeveillabruffiere.fr\/wp-content\/uploads\/2025\/02\/Fillette-Mam-1-1024x679.png\" alt=\"Logo MAM La Bruffiere\" class=\"wp-image-142\" style=\"border-radius:10px;aspect-ratio:4\/3;object-fit:cover\" title=\"Logo MAM La Bruffiere\" srcset=\"https:\/\/mambulledeveillabruffiere.fr\/wp-content\/uploads\/2025\/02\/Fillette-Mam-1-1024x679.png 1024w, https:\/\/mambulledeveillabruffiere.fr\/wp-content\/uploads\/2025\/02\/Fillette-Mam-1-300x199.png 300w, https:\/\/mambulledeveillabruffiere.fr\/wp-content\/uploads\/2025\/02\/Fillette-Mam-1-768x509.png 768w, https:\/\/mambulledeveillabruffiere.fr\/wp-content\/uploads\/2025\/02\/Fillette-Mam-1-1536x1018.png 1536w, https:\/\/mambulledeveillabruffiere.fr\/wp-content\/uploads\/2025\/02\/Fillette-Mam-1-2048x1358.png 2048w\" sizes=\"auto, (max-width: 1024px) 100vw, 1024px\" \/><\/figure>\n<\/div>\n<\/div>\n\n\n\n<div class=\"wp-block-columns alignwide is-layout-flex wp-container-core-columns-is-layout-00723822 wp-block-columns-is-layout-flex\">\n<div class=\"wp-block-column is-layout-flow wp-block-column-is-layout-flow\" style=\"flex-basis:50%\">\n<figure class=\"wp-block-image size-large has-custom-border is-style-default\"><img loading=\"lazy\" decoding=\"async\" width=\"1024\" height=\"679\" src=\"http:\/\/mambulledeveillabruffiere.fr\/wp-content\/uploads\/2025\/02\/Garcon-Mam-1-1024x679.jpg\" alt=\"Logo MAM La Bruffiere\" class=\"wp-image-143\" style=\"border-radius:10px;aspect-ratio:4\/3;object-fit:cover\" title=\"Logo MAM La Bruffiere\" srcset=\"https:\/\/mambulledeveillabruffiere.fr\/wp-content\/uploads\/2025\/02\/Garcon-Mam-1-1024x679.jpg 1024w, https:\/\/mambulledeveillabruffiere.fr\/wp-content\/uploads\/2025\/02\/Garcon-Mam-1-300x199.jpg 300w, https:\/\/mambulledeveillabruffiere.fr\/wp-content\/uploads\/2025\/02\/Garcon-Mam-1-768x509.jpg 768w, https:\/\/mambulledeveillabruffiere.fr\/wp-content\/uploads\/2025\/02\/Garcon-Mam-1-1536x1018.jpg 1536w\" sizes=\"auto, (max-width: 1024px) 100vw, 1024px\" \/><\/figure>\n<\/div>\n\n\n\n<div class=\"wp-block-column is-layout-flow wp-block-column-is-layout-flow\" style=\"flex-basis:50%\">\n<h3 class=\"wp-block-heading\">L&rsquo;am\u00e9nagement de la MAM<\/h3>\n\n\n\n<p>Notre MAM construite en 2023 a \u00e9t\u00e9 enti\u00e8rement pens\u00e9e pour correspondre au mieux aux besoins des enfants, ainsi qu\u2019\u00e0 l\u2019ergonomie de tous. En optant pour ce type de local, la s\u00e9curit\u00e9 ainsi que les normes \u00e0 respecter pour l\u2019accueil des jeunes enfants ont pu \u00eatre respect\u00e9es et pens\u00e9es au mieux pour que les enfants \u00e9voluent en toute s\u00e9r\u00e9nit\u00e9.<br><\/p>\n<\/div>\n<\/div>\n<\/div>\n\n\n\n<p><\/p>\n","protected":false},"excerpt":{"rendered":"<p>La MAM est ouverte du lundi au vendredi de 7h30 \u00e0 18h30. Nous sommes 4 assistantes maternelles et nous accueillons 12 enfants. La maison est situ\u00e9e dans une zone calme \u00e0 l&rsquo;entr\u00e9e de la Bruffi\u00e8re. L&rsquo;accueil des enfants en petite collectivit\u00e9 Nous avons choisi d\u2019ouvrir la MAM Bulle d\u2019\u00e9veil pour proposer un lieu d\u2019accueil pour [&hellip;]<\/p>\n","protected":false},"author":1,"featured_media":0,"parent":0,"menu_order":1,"comment_status":"closed","ping_status":"closed","template":"","meta":{"footnotes":""},"class_list":["post-9","page","type-page","status-publish","hentry"],"aioseo_notices":[],"_links":{"self":[{"href":"https:\/\/mambulledeveillabruffiere.fr\/index.php\/wp-json\/wp\/v2\/pages\/9","targetHints":{"allow":["GET"]}}],"collection":[{"href":"https:\/\/mambulledeveillabruffiere.fr\/index.php\/wp-json\/wp\/v2\/pages"}],"about":[{"href":"https:\/\/mambulledeveillabruffiere.fr\/index.php\/wp-json\/wp\/v2\/types\/page"}],"author":[{"embeddable":true,"href":"https:\/\/mambulledeveillabruffiere.fr\/index.php\/wp-json\/wp\/v2\/users\/1"}],"replies":[{"embeddable":true,"href":"https:\/\/mambulledeveillabruffiere.fr\/index.php\/wp-json\/wp\/v2\/comments?post=9"}],"version-history":[{"count":26,"href":"https:\/\/mambulledeveillabruffiere.fr\/index.php\/wp-json\/wp\/v2\/pages\/9\/revisions"}],"predecessor-version":[{"id":242,"href":"https:\/\/mambulledeveillabruffiere.fr\/index.php\/wp-json\/wp\/v2\/pages\/9\/revisions\/242"}],"wp:attachment":[{"href":"https:\/\/mambulledeveillabruffiere.fr\/index.php\/wp-json\/wp\/v2\/media?parent=9"}],"curies":[{"name":"wp","href":"https:\/\/api.w.org\/{rel}","templated":true}]}}

Présentation de la MAM « Bulle d&rsquo;Eveil » à la Bruffière

<div class="wp-block-group alignfull is-layout-flow wp-container-core-group-is-layout-c32d2f95 wp-block-group-is-layout-flow" style="padding-top:0px;padding-bottom:0px">
<div class="wp-block-group alignfull has-background-color has-secondary-background-color has-text-color has-background is-layout-constrained wp-block-group-is-layout-constrained" style="padding-top:8vh;padding-bottom:8vh">
<p class="has-text-align-center has-foreground-color has-text-color has-link-color wp-elements-0e23b7c4df66675bc535dc74d240a20c">La MAM est ouverte du lundi au vendredi de 7h30 à 18h30.</p>



<p class="has-text-align-center has-foreground-color has-text-color has-link-color wp-elements-fddd853190c77475790fcb3f97dd5821">Nous sommes 4 assistantes maternelles et nous accueillons 12 enfants.</p>



<p class="has-text-align-center has-foreground-color has-text-color has-link-color wp-elements-64e52d863fdf1fa6dd865189471bccc3">La maison est située dans une zone calme à l&rsquo;entrée de la Bruffière.</p>



<figure class="wp-block-gallery has-nested-images columns-default is-cropped wp-block-gallery-1 is-layout-flex wp-block-gallery-is-layout-flex">
<figure class="wp-block-image size-large"><img loading="lazy" decoding="async" width="1024" height="326" data-id="173" src="https://mambulledeveillabruffiere.fr/wp-content/uploads/2025/02/Logo-Mam-decli5-copie-e1740686838505-1024x326.png" alt="Logo MAM La Bruffiere" class="wp-image-173" title="Logo MAM La Bruffiere" srcset="https://mambulledeveillabruffiere.fr/wp-content/uploads/2025/02/Logo-Mam-decli5-copie-e1740686838505-1024x326.png 1024w, https://mambulledeveillabruffiere.fr/wp-content/uploads/2025/02/Logo-Mam-decli5-copie-e1740686838505-300x96.png 300w, https://mambulledeveillabruffiere.fr/wp-content/uploads/2025/02/Logo-Mam-decli5-copie-e1740686838505-768x245.png 768w, https://mambulledeveillabruffiere.fr/wp-content/uploads/2025/02/Logo-Mam-decli5-copie-e1740686838505-1536x489.png 1536w, https://mambulledeveillabruffiere.fr/wp-content/uploads/2025/02/Logo-Mam-decli5-copie-e1740686838505-2048x652.png 2048w" sizes="auto, (max-width: 1024px) 100vw, 1024px" /></figure>
</figure>
</div>
</div>



<div class="wp-block-group alignwide is-layout-flow wp-container-core-group-is-layout-b2f77b0a wp-block-group-is-layout-flow" style="padding-top:8vh;padding-bottom:8vh">
<div class="wp-block-columns alignwide is-layout-flex wp-container-core-columns-is-layout-00723822 wp-block-columns-is-layout-flex">
<div class="wp-block-column is-layout-flow wp-block-column-is-layout-flow" style="flex-basis:50%">
<figure class="wp-block-image size-large has-custom-border is-style-default"><img loading="lazy" decoding="async" width="1024" height="679" src="http://mambulledeveillabruffiere.fr/wp-content/uploads/2025/02/Baby-Mam-1024x679.png" alt="Logo MAM La Bruffiere" class="wp-image-140" style="border-radius:10px;aspect-ratio:4/3;object-fit:cover" title="Logo MAM La Bruffiere" srcset="https://mambulledeveillabruffiere.fr/wp-content/uploads/2025/02/Baby-Mam-1024x679.png 1024w, https://mambulledeveillabruffiere.fr/wp-content/uploads/2025/02/Baby-Mam-300x199.png 300w, https://mambulledeveillabruffiere.fr/wp-content/uploads/2025/02/Baby-Mam-768x509.png 768w, https://mambulledeveillabruffiere.fr/wp-content/uploads/2025/02/Baby-Mam-1536x1018.png 1536w, https://mambulledeveillabruffiere.fr/wp-content/uploads/2025/02/Baby-Mam-2048x1358.png 2048w" sizes="auto, (max-width: 1024px) 100vw, 1024px" /></figure>
</div>



<div class="wp-block-column is-layout-flow wp-block-column-is-layout-flow" style="flex-basis:50%">
<h3 class="wp-block-heading has-text-align-left">L&rsquo;accueil des enfants en petite collectivité</h3>



<p class="has-text-align-left">Nous avons choisi d’ouvrir la MAM Bulle d’éveil pour proposer un lieu d’accueil pour les enfants jusqu&rsquo;à leur scolarisation, afin de leur apporter, dans une continuité familiale, un accompagnement dans la rencontre aux autres, en douceur, grâce à un accueil collectif de petit nombre.</p>



<p></p>



<p><br></p>
</div>
</div>



<div class="wp-block-columns alignwide is-layout-flex wp-container-core-columns-is-layout-00723822 wp-block-columns-is-layout-flex">
<div class="wp-block-column is-layout-flow wp-block-column-is-layout-flow" style="flex-basis:50%">
<h2 class="wp-block-heading has-text-align-left has-x-large-font-size" id="all-items-are-100-hand-made-using-the-potter-s-wheel-or-traditional-techniques-created-with-love-and-care-in-australia" style="line-height:1.3">Un accueil adapté à chacun</h2>



<p class="has-text-align-left" style="font-size:18px">Nous contribuons, en lien étroit avec les parents, au développement psychomoteur, sensoriel, affectif et social de l’enfant afin que celui-ci se passe en toute bienveillance et avec sérénité.<br>Chaque enfant est accueilli dans le respect de son rythme personnel. Nous sommes à l’écoute de ses besoins grâce à une observation attentive de l’enfant.</p>



<p style="font-size:18px"></p>
</div>



<div class="wp-block-column is-layout-flow wp-block-column-is-layout-flow" style="flex-basis:50%">
<figure class="wp-block-image size-large has-custom-border is-style-default"><img loading="lazy" decoding="async" width="1024" height="679" src="http://mambulledeveillabruffiere.fr/wp-content/uploads/2025/02/Fillette-Mam-1-1024x679.png" alt="Logo MAM La Bruffiere" class="wp-image-142" style="border-radius:10px;aspect-ratio:4/3;object-fit:cover" title="Logo MAM La Bruffiere" srcset="https://mambulledeveillabruffiere.fr/wp-content/uploads/2025/02/Fillette-Mam-1-1024x679.png 1024w, https://mambulledeveillabruffiere.fr/wp-content/uploads/2025/02/Fillette-Mam-1-300x199.png 300w, https://mambulledeveillabruffiere.fr/wp-content/uploads/2025/02/Fillette-Mam-1-768x509.png 768w, https://mambulledeveillabruffiere.fr/wp-content/uploads/2025/02/Fillette-Mam-1-1536x1018.png 1536w, https://mambulledeveillabruffiere.fr/wp-content/uploads/2025/02/Fillette-Mam-1-2048x1358.png 2048w" sizes="auto, (max-width: 1024px) 100vw, 1024px" /></figure>
</div>
</div>



<div class="wp-block-columns alignwide is-layout-flex wp-container-core-columns-is-layout-00723822 wp-block-columns-is-layout-flex">
<div class="wp-block-column is-layout-flow wp-block-column-is-layout-flow" style="flex-basis:50%">
<figure class="wp-block-image size-large has-custom-border is-style-default"><img loading="lazy" decoding="async" width="1024" height="679" src="http://mambulledeveillabruffiere.fr/wp-content/uploads/2025/02/Garcon-Mam-1-1024x679.jpg" alt="Logo MAM La Bruffiere" class="wp-image-143" style="border-radius:10px;aspect-ratio:4/3;object-fit:cover" title="Logo MAM La Bruffiere" srcset="https://mambulledeveillabruffiere.fr/wp-content/uploads/2025/02/Garcon-Mam-1-1024x679.jpg 1024w, https://mambulledeveillabruffiere.fr/wp-content/uploads/2025/02/Garcon-Mam-1-300x199.jpg 300w, https://mambulledeveillabruffiere.fr/wp-content/uploads/2025/02/Garcon-Mam-1-768x509.jpg 768w, https://mambulledeveillabruffiere.fr/wp-content/uploads/2025/02/Garcon-Mam-1-1536x1018.jpg 1536w" sizes="auto, (max-width: 1024px) 100vw, 1024px" /></figure>
</div>



<div class="wp-block-column is-layout-flow wp-block-column-is-layout-flow" style="flex-basis:50%">
<h3 class="wp-block-heading">L&rsquo;aménagement de la MAM</h3>



<p>Notre MAM construite en 2023 a été entièrement pensée pour correspondre au mieux aux besoins des enfants, ainsi qu’à l’ergonomie de tous. En optant pour ce type de local, la sécurité ainsi que les normes à respecter pour l’accueil des jeunes enfants ont pu être respectées et pensées au mieux pour que les enfants évoluent en toute sérénité.<br></p>
</div>
</div>
</div>



<p></p>

<p>La MAM est ouverte du lundi au vendredi de 7h30 à 18h30. Nous sommes 4 assistantes maternelles et nous accueillons 12 enfants. La maison est située dans une zone calme à l&rsquo;entrée de la Bruffière. L&rsquo;accueil des enfants en petite collectivité Nous avons choisi d’ouvrir la MAM Bulle d’éveil pour proposer un lieu d’accueil pour [&hellip;]</p>
