{"id":17,"date":"2025-02-14T20:14:21","date_gmt":"2025-02-14T19:14:21","guid":{"rendered":"https:\/\/mambulledeveil.wordpress.com\/?page_id=17"},"modified":"2026-02-09T21:29:40","modified_gmt":"2026-02-09T20:29:40","slug":"lequipe","status":"publish","type":"page","link":"https:\/\/mambulledeveillabruffiere.fr\/index.php\/lequipe\/","title":{"rendered":"L&rsquo;\u00e9quipe de la MAM \u00ab\u00a0Bulle d&rsquo;Eveil\u00a0\u00bb \u00e0 la Bruffi\u00e8re"},"content":{"rendered":"\n<div class=\"wp-block-group alignfull is-content-justification-center is-layout-constrained wp-container-core-group-is-layout-df757ecc wp-block-group-is-layout-constrained\" style=\"margin-top:0;margin-bottom:0;padding-top:calc( 0.5 * var(--wp--style--root--padding-right, var(--wp--custom--gap--horizontal)));padding-right:var(--wp--style--root--padding-right, var(--wp--custom--gap--horizontal));padding-bottom:calc( 0.5 * var(--wp--style--root--padding-right, var(--wp--custom--gap--horizontal)));padding-left:var(--wp--style--root--padding-left, var(--wp--custom--gap--horizontal))\">\n<div style=\"height:calc( 0.25 * var(--wp--style--root--padding-right, var(--wp--custom--gap--horizontal)))\" aria-hidden=\"true\" class=\"wp-block-spacer\"><\/div>\n\n\n\n<p>L&rsquo;\u00e9quipe de notre MAM Bulle d&rsquo;Eveil \u00e0 la Bruffi\u00e8re est compos\u00e9e de Manue, M\u00e9lanie, Audrey et Zo\u00e9.<\/p>\n\n\n\n<p>Nos formations et nos parcours professionnels diff\u00e9rents sont compl\u00e9mentaires. Notre projet d&rsquo;accueil r\u00e9unit nos principales valeurs : la bienveillance, la patience, l\u2019\u00e9coute, la tol\u00e9rance et notre approche de la nature. Aussi, notre travail en \u00e9quipe nous permet une observation attentive de chaque enfant afin de lui apporter une r\u00e9ponse individualis\u00e9e.<\/p>\n\n\n\n<div style=\"height:calc( 0.25 * var(--wp--style--root--padding-right, var(--wp--custom--gap--horizontal)))\" aria-hidden=\"true\" class=\"wp-block-spacer\"><\/div>\n<\/div>\n\n\n\n<div class=\"wp-block-group alignfull is-content-justification-center is-layout-constrained wp-container-core-group-is-layout-df757ecc wp-block-group-is-layout-constrained\" style=\"margin-top:0;margin-bottom:0;padding-top:calc( 0.5 * var(--wp--style--root--padding-right, var(--wp--custom--gap--horizontal)));padding-right:var(--wp--style--root--padding-right, var(--wp--custom--gap--horizontal));padding-bottom:calc( 0.5 * var(--wp--style--root--padding-right, var(--wp--custom--gap--horizontal)));padding-left:var(--wp--style--root--padding-left, var(--wp--custom--gap--horizontal))\">\n<div style=\"height:calc( 0.25 * var(--wp--style--root--padding-right, var(--wp--custom--gap--horizontal)))\" aria-hidden=\"true\" class=\"wp-block-spacer\"><\/div>\n\n\n\n<div class=\"wp-block-group alignwide is-layout-constrained wp-block-group-is-layout-constrained\">\n<div class=\"wp-block-media-text has-media-on-the-right is-stacked-on-mobile is-vertically-aligned-top\" style=\"grid-template-columns:auto 40%\"><div class=\"wp-block-media-text__content\">\n<p><strong>Manue<\/strong><br><br>40 ans, maman de deux enfants<\/p>\n\n\n\n<p>Professeur des \u00e9coles en maternelle &amp; Directrice d&rsquo;\u00e9cole durant 13 ans <\/p>\n\n\n\n<p>Licence de Psychologie<\/p>\n\n\n\n<p>CAP Accompagnant Educatif Petite Enfance<br><\/p>\n<\/div><figure class=\"wp-block-media-text__media\"><img loading=\"lazy\" decoding=\"async\" width=\"300\" height=\"296\" src=\"https:\/\/mambulledeveillabruffiere.fr\/wp-content\/uploads\/2025\/02\/portrait_emmanuelle-300x296.png\" alt=\"Emmanuelle GAUTHIER\" class=\"wp-image-41 size-medium\" srcset=\"https:\/\/mambulledeveillabruffiere.fr\/wp-content\/uploads\/2025\/02\/portrait_emmanuelle-300x296.png 300w, https:\/\/mambulledeveillabruffiere.fr\/wp-content\/uploads\/2025\/02\/portrait_emmanuelle.png 381w\" sizes=\"auto, (max-width: 300px) 100vw, 300px\" \/><\/figure><\/div>\n\n\n\n<div class=\"wp-block-media-text is-stacked-on-mobile\" style=\"grid-template-columns:40% auto\"><figure class=\"wp-block-media-text__media\"><img loading=\"lazy\" decoding=\"async\" width=\"377\" height=\"373\" src=\"http:\/\/mambulledeveillabruffiere.fr\/wp-content\/uploads\/2025\/02\/portrait_melanie-1.png\" alt=\"M\u00e9lanie BOUTET\" class=\"wp-image-42 size-full\" srcset=\"https:\/\/mambulledeveillabruffiere.fr\/wp-content\/uploads\/2025\/02\/portrait_melanie-1.png 377w, https:\/\/mambulledeveillabruffiere.fr\/wp-content\/uploads\/2025\/02\/portrait_melanie-1-300x297.png 300w\" sizes=\"auto, (max-width: 377px) 100vw, 377px\" \/><\/figure><div class=\"wp-block-media-text__content\">\n<p><strong>M\u00e9lanie<\/strong><br><br>37 ans, maman de trois enfants<\/p>\n\n\n\n<p>Ambulanci\u00e8re durant 5 ans<\/p>\n\n\n\n<p>Assistance maternelle \u00e0 domicile durant 6 ans<\/p>\n\n\n\n<p>CAP Petite Enfance<\/p>\n\n\n\n<p>Remplacements en MAM<br><\/p>\n<\/div><\/div>\n\n\n\n<div class=\"wp-block-media-text has-media-on-the-right is-stacked-on-mobile is-vertically-aligned-top\" style=\"grid-template-columns:auto 40%\"><div class=\"wp-block-media-text__content\">\n<p><strong>Audrey<\/strong><br><br>35 ans, maman d\u2019un enfant<\/p>\n\n\n\n<p>Domaine de la Petite Enfance depuis 17 ans&nbsp;: auxiliaire parentale, cr\u00e8che, MAM<\/p>\n\n\n\n<p>Formation P\u00e9dagogie Montessori<br><\/p>\n<\/div><figure class=\"wp-block-media-text__media\"><img loading=\"lazy\" decoding=\"async\" width=\"400\" height=\"436\" src=\"http:\/\/mambulledeveillabruffiere.fr\/wp-content\/uploads\/2026\/02\/Audrey-1.png\" alt=\"\" class=\"wp-image-239 size-medium\" srcset=\"https:\/\/mambulledeveillabruffiere.fr\/wp-content\/uploads\/2026\/02\/Audrey-1.png 400w, https:\/\/mambulledeveillabruffiere.fr\/wp-content\/uploads\/2026\/02\/Audrey-1-275x300.png 275w\" sizes=\"auto, (max-width: 400px) 100vw, 400px\" \/><\/figure><\/div>\n\n\n\n<div class=\"wp-block-media-text is-stacked-on-mobile\" style=\"grid-template-columns:40% auto\"><figure class=\"wp-block-media-text__media\"><img loading=\"lazy\" decoding=\"async\" width=\"412\" height=\"443\" src=\"http:\/\/mambulledeveillabruffiere.fr\/wp-content\/uploads\/2026\/02\/Zoe.png\" alt=\"\" class=\"wp-image-240 size-full\" srcset=\"https:\/\/mambulledeveillabruffiere.fr\/wp-content\/uploads\/2026\/02\/Zoe.png 412w, https:\/\/mambulledeveillabruffiere.fr\/wp-content\/uploads\/2026\/02\/Zoe-279x300.png 279w\" sizes=\"auto, (max-width: 412px) 100vw, 412px\" \/><\/figure><div class=\"wp-block-media-text__content\">\n<p><strong>Zo\u00e9<\/strong><br><br>30 ans, maman d\u2019un enfant<\/p>\n\n\n\n<p>Bac Pro ASSP<\/p>\n\n\n\n<p>DUT Carri\u00e8res Sociales<br>Option animation sociale\/socioculturelle<\/p>\n\n\n\n<p>Animatrice au sein d\u2019un p\u00f4le enfance<br><\/p>\n<\/div><\/div>\n<\/div>\n\n\n\n<div style=\"height:calc( 0.25 * var(--wp--style--root--padding-right, var(--wp--custom--gap--horizontal)))\" aria-hidden=\"true\" class=\"wp-block-spacer\"><\/div>\n<\/div>\n\n\n\n<div class=\"wp-block-group alignfull is-content-justification-center is-layout-constrained wp-container-core-group-is-layout-df757ecc wp-block-group-is-layout-constrained\" style=\"margin-top:0;margin-bottom:0;padding-top:calc( 0.5 * var(--wp--style--root--padding-right, var(--wp--custom--gap--horizontal)));padding-right:var(--wp--style--root--padding-right, var(--wp--custom--gap--horizontal));padding-bottom:calc( 0.5 * var(--wp--style--root--padding-right, var(--wp--custom--gap--horizontal)));padding-left:var(--wp--style--root--padding-left, var(--wp--custom--gap--horizontal))\">\n<div style=\"height:calc( 0.25 * var(--wp--style--root--padding-right, var(--wp--custom--gap--horizontal)))\" aria-hidden=\"true\" class=\"wp-block-spacer\"><\/div>\n\n\n\n<div class=\"wp-block-columns alignwide is-layout-flex wp-container-core-columns-is-layout-28f84493 wp-block-columns-is-layout-flex\">\n<div class=\"wp-block-column is-layout-flow wp-block-column-is-layout-flow\" style=\"flex-basis:40%\"><\/div>\n\n\n\n<div class=\"wp-block-column is-layout-flow wp-block-column-is-layout-flow\">\n<h3 class=\"wp-block-heading has-large-font-size\">Pour tous renseignements suppl\u00e9mentaires ou toute demande d&rsquo;inscription, vous pouvez nous contacter via la page contact<\/h3>\n\n\n\n<div class=\"wp-block-buttons is-layout-flex wp-block-buttons-is-layout-flex\">\n<div class=\"wp-block-button\"><a class=\"wp-block-button__link wp-element-button\" href=\"https:\/\/mambulledeveillabruffiere.fr\/index.php\/contact\/\">Contact \u2192<\/a><\/div>\n<\/div>\n<\/div>\n<\/div>\n\n\n\n<div style=\"height:calc( 0.25 * var(--wp--style--root--padding-right, var(--wp--custom--gap--horizontal)))\" aria-hidden=\"true\" class=\"wp-block-spacer\"><\/div>\n<\/div>\n\n\n\n<p><\/p>\n","protected":false},"excerpt":{"rendered":"<p>L&rsquo;\u00e9quipe de notre MAM Bulle d&rsquo;Eveil \u00e0 la Bruffi\u00e8re est compos\u00e9e de Manue, M\u00e9lanie, Audrey et Zo\u00e9. Nos formations et nos parcours professionnels diff\u00e9rents sont compl\u00e9mentaires. Notre projet d&rsquo;accueil r\u00e9unit nos principales valeurs : la bienveillance, la patience, l\u2019\u00e9coute, la tol\u00e9rance et notre approche de la nature. Aussi, notre travail en \u00e9quipe nous permet une [&hellip;]<\/p>\n","protected":false},"author":1,"featured_media":0,"parent":0,"menu_order":2,"comment_status":"closed","ping_status":"closed","template":"","meta":{"footnotes":""},"class_list":["post-17","page","type-page","status-publish","hentry"],"aioseo_notices":[],"_links":{"self":[{"href":"https:\/\/mambulledeveillabruffiere.fr\/index.php\/wp-json\/wp\/v2\/pages\/17","targetHints":{"allow":["GET"]}}],"collection":[{"href":"https:\/\/mambulledeveillabruffiere.fr\/index.php\/wp-json\/wp\/v2\/pages"}],"about":[{"href":"https:\/\/mambulledeveillabruffiere.fr\/index.php\/wp-json\/wp\/v2\/types\/page"}],"author":[{"embeddable":true,"href":"https:\/\/mambulledeveillabruffiere.fr\/index.php\/wp-json\/wp\/v2\/users\/1"}],"replies":[{"embeddable":true,"href":"https:\/\/mambulledeveillabruffiere.fr\/index.php\/wp-json\/wp\/v2\/comments?post=17"}],"version-history":[{"count":21,"href":"https:\/\/mambulledeveillabruffiere.fr\/index.php\/wp-json\/wp\/v2\/pages\/17\/revisions"}],"predecessor-version":[{"id":249,"href":"https:\/\/mambulledeveillabruffiere.fr\/index.php\/wp-json\/wp\/v2\/pages\/17\/revisions\/249"}],"wp:attachment":[{"href":"https:\/\/mambulledeveillabruffiere.fr\/index.php\/wp-json\/wp\/v2\/media?parent=17"}],"curies":[{"name":"wp","href":"https:\/\/api.w.org\/{rel}","templated":true}]}}